?
2
What is the thousands digit of 437343?
7
What is the units digit of 1390621?
1
What is the ten thousands digit of 10951133?
5
What is the hundreds digit of 92646?
6
What is the thousands digit of 15889081?
9
What is the hundred thousands digit of 291700?
2
What is the millions digit of 1976826?
1
What is the hundreds digit of 69706?
7
What is the ten thousands digit of 1646201?
4
What is the hundred thousands digit of 496878?
4
What is the ten thousands digit of 4068476?
6
What is the tens digit of 3202366?
6
What is the hundred thousands digit of 1636697?
6
What is the thousands digit of 4722021?
2
What is the millions digit of 22284216?
2
What is the hundred thousands digit of 357614?
3
What is the ten thousands digit of 219688?
1
What is the hundreds digit of 13856642?
6
What is the tens digit of 23631395?
9
What is the hundreds digit of 3903452?
4
What is the millions digit of 1206155?
1
What is the tens digit of 2548095?
9
What is the hundred thousands digit of 5129796?
1
What is the tens digit of 904946?
4
What is the thousands digit of 955350?
5
What is the hundreds digit of 916469?
4
What is the ten thousands digit of 10011446?
1
What is the hundred thousands digit of 154544?
1
What is the millions digit of 8280834?
8
What is the thousands digit of 27220413?
0
What is the ten thousands digit of 407365?
0
What is the hundreds digit of 916927?
9
What is the hundred thousands digit of 112289?
1
What is the hundreds digit of 3720845?
8
What is the hundred thousands digit of 296955?
2
What is the units digit of 23557962?
2
What is the tens digit of 1155844?
4
What is the hundreds digit of 49471?
4
What is the hundreds digit of 15332977?
9
What is the hundred thousands digit of 510559?
5
What is the thousands digit of 266023?
6
What is the units digit of 597539?
9
What is the ten thousands digit of 865665?
6
What is the millions digit of 22256349?
2
What is the hundreds digit of 5325689?
6
What is the hundred thousands digit of 385476?
3
What is the hundreds digit of 4703?
7
What is the ten thousands digit of 24582366?
8
What is the ten thousands digit of 1145291?
4
What is the units digit of 1783470?
0
What is the hundred thousands digit of 121376?
1
What is the ten thousands digit of 271108?
7
What is the tens digit of 414138?
3
What is the units digit of 54926?
6
What is the thousands digit of 152417?
2
What is the hundred thousands digit of 140410?
1
What is the tens digit of 331843?
4
What is the ten thousands digit of 54980?
5
What is the hundred thousands digit of 166016?
1
What is the hundreds digit of 3572129?
1
What is the ten thousands digit of 1568831?
6
What is the tens digit of 565464?
6
What is the hundreds digit of 232239?
2
What is the tens digit of 101585?
8
What is the tens digit of 622349?
4
What is the millions digit of 3802225?
3
What is the tens digit of 48437?
3
What is the ten thousands digit of 2581386?
8
What is the units digit of 8027151?
1
What is the ten millions digit of 19997558?
1
What is the ten thousands digit of 3243451?
4
What is the tens digit of 526953?
5
What is the ten thousands digit of 777744?
7
What is the hundred thousands digit of 278837?
2
What is the tens digit of 14080672?
7
What is the millions digit of 2976689?
2
What is the ten thousands digit of 21027?
2
What is the hundreds digit of 2674232?
2
What is the hundred thousands digit of 720877?
7
What is the hundred thousands digit of 520517?
5
What is the hundreds digit of 1299166?
1
What is the hundreds digit of 8729?
7
What is the units digit of 12095?
5
What is the ten thousands digit of 83380?
8
What is the hundred thousands digit of 214553?
2
What is the tens digit of 680844?
4
What is the units digit of 1015078?
8
What is the hundred thousands digit of 166810?
1
What is the hundreds digit of 730351?
3
What is the hundred thousands digit of 283929?
2
What is the units digit of 6859052?
2
What is the ten thousands digit of 780318?
8
What is the units digit of 357985?
5
What is the millions digit of 15314914?
5
What is the units digit of 2039933?
3
What is the ten thousands digit of 52909?
5
What is the ten thousands digit of 5368439?
6
What is the hundreds digit of 2474691?
6
What is the hundred thousands digit of 3206231?
2
What is the thousands digit of 859497?
9
What is the units digit of 2863723?
3
What is the units digit of 6198639?
9
What is the thousands digit of 745776?
5
What is the hundred thousands digit of 722656?
7
What is the hundreds digit of 287954?
9
What is the hundred thousands digit of 141396?
1
What is the thousands digit of 1571403?
1
What is the units digit of 19710693?
3
What is the hundred thousands digit of 3241256?
2
What is the units digit of 5620522?
2
What is the tens digit of 1687732?
3
What is the tens digit of 124465?
6
What is the hundreds digit of 124754?
7
What is the ten millions digit of 15771664?
1
What is the hundred thousands digit of 7024167?
0
What is the units digit of 4807881?
1
What is the tens digit of 359450?
5
What is the hundreds digit of 201890?
8
What is the units digit of 4246592?
2
What is the ten thousands digit of 357148?
5
What is the hundred thousands digit of 516205?
5
What is the ten thousands digit of 526037?
2
What is the tens digit of 197?
9
What is the tens digit of 24562977?
7
What is the thousands digit of 1361927?
1
What is the ten thousands digit of 225997?
2
What is the ten thousands digit of 344732?
4
What is the millions digit of 2869757?
2
What is the ten thousands digit of 1242750?
4
What is the hundred thousands digit of 474608?
4
What is the units digit of 7241722?
2
What is the units digit of 414840?
0
What is the tens digit of 404273?
7
What is the thousands digit of 276485?
6
What is the hundreds digit of 714766?
7
What is the ten thousands digit of 238382?
3
What is the ten thousands digit of 1819680?
1
What is the hundreds digit of 35017?
0
What is the ten thousands digit of 3530199?
3
What is the millions digit of 2292846?
2
What is the hundreds digit of 165583?
5
What is the tens digit of 212395?
9
What is the ten thousands digit of 566149?
6
What is the hundreds digit of 1089416?
4
What is the tens digit of 262774?
7
What is the millions digit of 1250909?
1
What is the units digit of 291079?
9
What is the millions digit of 2244266?
2
What is the hundreds digit of 2747081?
0
What is the ten thousands digit of 6207402?
0
What is the tens digit of 13618402?
0
What is the thousands digit of 23368?
3
What is the hundreds digit of 561028?
0
What is the hundreds digit of 63987?
9
What is the tens digit of 227903?
0
What is the thousands digit of 97962?
7
What is the thousands digit of 8781020?
1
What is the ten thousands digit of 749700?
4
What is the hundreds digit of 7320112?
1
What is the tens digit of 1211781?
8
What is the hundred thousands digit of 136671?
1
What is the hundred thousands digit of 336424?
3
What is the units digit of 1723846?
6
What is the hundreds digit of 641649?
6
What is the units digit of 282446?
6
What is the hundreds digit of 505421?
4
What is the units digit of 3991255?
5
What is the thousands digit of 21516?
1
What is the thousands digit of 567577?
7
What is the units digit of 542490?
0
What is the thousands digit of 177699?
7
What is the ten thousands digit of 417405?
1
What is the ten thousands digit of 809607?
0
What is the units digit of 390990?
0
What is the hundred thousands digit of 10151673?
1
What is the units digit of 233120?
0
What is the thousands digit of 1294095?
4
What is the thousands digit of 206631?
6
What is the tens digit of 122197?
9
What is the units digit of 4252453?
3
What is the units digit of 175236?
6
What is the hundreds digit of 7812481?
4
What is the ten millions digit of 20670598?
2
What is the hundreds digit of 3306?
3
What is the hundreds digit of 188781?
7
What is the hundreds digit of 497851?
8
What is the hundreds digit of 94231?
2
What is the ten thousands digit of 1917165?
1
What is the ten thousands digit of 77757?
7
What is the thousands digit of 75405?
5
What is the tens digit of 975965?
6
What is the ten thousands digit of 4132901?
3
What is the hundreds digit of 213171?
1
What is the thousands digit of 187003?
7
What is the units digit of 419394?
4
What is the thousands digit of 215